18?
2, 29, 5021
List the prime factors of 137854.
2, 68927
What are the prime factors of 17874226?
2, 89, 100417
List the prime factors of 14652918.
2, 3, 7, 116293
List the prime factors of 7869257.
11, 31, 47, 491
List the prime factors of 3549712.
2, 61, 3637
What are the prime factors of 216402?
2, 3, 36067
What are the prime factors of 295532?
2, 73883
What are the prime factors of 126960?
2, 3, 5, 23
List the prime factors of 509894.
2, 7, 11, 43
List the prime factors of 1967993.
37, 53189
What are the prime factors of 581769?
3, 29, 743
List the prime factors of 129716.
2, 32429
What are the prime factors of 593794?
2, 337, 881
What are the prime factors of 104249?
61, 1709
List the prime factors of 6273478.
2, 67, 46817
What are the prime factors of 251350?
2, 5, 11, 457
What are the prime factors of 348492?
2, 3, 113, 257
List the prime factors of 4991559.
3, 37, 193, 233
What are the prime factors of 1114615?
5, 29, 7687
List the prime factors of 2088253.
31, 41, 53
What are the prime factors of 778728?
2, 3, 71, 457
List the prime factors of 2302407.
3, 109, 2347
List the prime factors of 6455411.
2333, 2767
What are the prime factors of 7978394?
2, 101, 127, 311
What are the prime factors of 203676?
2, 3, 11, 1543
List the prime factors of 22067458.
2, 7, 1576247
What are the prime factors of 263932?
2, 65983
List the prime factors of 129622.
2, 64811
What are the prime factors of 928355?
5, 83, 2237
List the prime factors of 5326680.
2, 3, 5, 44389
List the prime factors of 608176.
2, 38011
List the prime factors of 528734.
2, 17, 15551
What are the prime factors of 182100?
2, 3, 5, 607
List the prime factors of 533248.
2, 2083
List the prime factors of 5944127.
7, 849161
What are the prime factors of 121110?
2, 3, 5, 11, 367
What are the prime factors of 268242?
2, 3, 13, 19, 181
What are the prime factors of 9981281?
107, 93283
List the prime factors of 181488.
2, 3, 19, 199
List the prime factors of 1510668.
2, 3, 29, 1447
What are the prime factors of 5209389?
3, 578821
What are the prime factors of 517768?
2, 61, 1061
List the prime factors of 4451403.
3, 11, 43, 3137
List the prime factors of 11839092.
2, 3, 281, 3511
List the prime factors of 24093784.
2, 11, 13, 21061
List the prime factors of 2442400.
2, 5, 43, 71
What are the prime factors of 167623?
167623
List the prime factors of 505951.
19, 31, 859
What are the prime factors of 636468?
2, 3, 7, 7577
What are the prime factors of 4621607?
281, 16447
List the prime factors of 263108.
2, 65777
What are the prime factors of 1162048?
2, 67, 271
List the prime factors of 1163135.
5, 353, 659
What are the prime factors of 328487?
263, 1249
What are the prime factors of 12159065?
5, 23, 4597
List the prime factors of 9567680.
2, 5, 29, 1031
List the prime factors of 17099443.
53, 322631
List the prime factors of 237206.
2, 118603
What are the prime factors of 3305248?
2, 103289
List the prime factors of 765911.
313, 2447
What are the prime factors of 774456?
2, 3, 23, 61
What are the prime factors of 311774?
2, 155887
What are the prime factors of 16771058?
2, 8385529
What are the prime factors of 8539113?
3, 11, 19, 13619
List the prime factors of 12797461.
149, 85889
List the prime factors of 11999832.
2, 3, 13, 38461
List the prime factors of 4765470.
2, 3, 5, 158849
What are the prime factors of 741948?
2, 3, 17, 3637
List the prime factors of 687488.
2, 41, 131
List the prime factors of 1287731.
1287731
List the prime factors of 305704.
2, 7, 53, 103
List the prime factors of 8188839.
3, 389, 2339
List the prime factors of 30901.
13, 2377
List the prime factors of 19913.
19913
List the prime factors of 475697.
475697
What are the prime factors of 2402635?
5, 480527
List the prime factors of 1581753.
3, 527251
List the prime factors of 1006273.
23, 67, 653
List the prime factors of 22812092.
2, 5703023
List the prime factors of 1695741.
3, 565247
List the prime factors of 117494.
2, 13, 4519
What are the prime factors of 13745929?
13745929
List the prime factors of 2308579.
7, 13, 23, 1103
List the prime factors of 9462760.
2, 5, 19, 12451
List the prime factors of 272286.
2, 3, 7, 2161
List the prime factors of 3865667.
13, 297359
What are the prime factors of 3958690?
2, 5, 79, 5011
What are the prime factors of 667711?
11, 101, 601
What are the prime factors of 2706321?
3, 419, 2153
List the prime factors of 28990827.
3, 19, 8923
What are the prime factors of 3989185?
5, 313, 2549
What are the prime factors of 1649717?
41, 40237
List the prime factors of 3472211.
3472211
List the prime factors of 2574153.
3, 95339
List the prime factors of 1259406.
2, 3, 31, 37, 61
What are the prime factors of 2118490?
2, 5, 11, 19259
List the prime factors of 11489638.
2, 1657, 3467
List the prime factors of 1953179.
29, 47, 1433
What are the prime factors of 170323?
17, 43, 233
What are the prime factors of 714132?
2, 3, 83, 239
List the prime factors of 18829189.
37, 179, 2843
List the prime factors of 210766.
2, 17, 6199
What are the prime factors of 1708609?
7, 244087
List the prime factors of 33917815.
5, 179, 37897
What are the prime factors of 29176?
2, 7, 521
List the prime factors of 5961266.
2, 401, 7433
What are the prime factors of 239369?
13, 18413
List the prime factors of 428853.
3, 163, 877
List the prime factors of 8355815.
5, 13, 128551
What are the prime factors of 15422943?
3, 1283, 4007
List the prime factors of 21184335.
3, 5, 19, 2753
What are the prime factors of 5364412?
2, 1341103
What are the prime factors of 11045419?
7, 11, 67, 2141
What are the prime factors of 420151?
383, 1097
List the prime factors of 92274.
2, 3, 7, 13
List the prime factors of 30055418.
2, 15027709
List the prime factors of 9657069.
3, 43, 74861
What are the prime factors of 45411?
3, 15137
What are the prime factors of 2053373?
7, 293339
What are the prime factors of 21717455?
5, 4343491
List the prime factors of 24082.
2, 12041
List the prime factors of 131051.
29, 4519
What are the prime factors of 267151?
463, 577
What are the prime factors of 2072236?
2, 518059
List the prime factors of 1271899.
31, 89, 461
What are the prime factors of 179199?
3, 6637
List the prime factors of 97003.
97003
List the prime factors of 1336652.
2, 151, 2213
List the prime factors of 1887777.
3, 37, 5669
What are the prime factors of 623502?
2, 3, 11, 47, 67
What are the prime factors of 28414077?
3, 9471359
What are the prime factors of 33468?
2, 3, 2789
List the prime factors of 1705279.
31, 55009
What are the prime factors of 561511?
487, 1153
What are the prime factors of 4001589?
3, 148207
What are the prime factors of 12648901?
17, 29, 25657
List the prime factors of 7288430.
2, 5, 728843
List the prime factors of 545247.
3, 47, 1289
What are the prime factors of 360707?
197, 1831
List the prime factors of 21984077.
17, 41, 31541
List the prime factors of 248639.
248639
What are the prime factors of 1781092?
2, 59, 7547
What are the prime factors of 375011?
7, 13, 317
What are the prime factors of 237042?
2, 3, 13, 1013
List the prime factors of 11686212.
2, 3, 324617
List the prime factors of 290985.
3, 5, 19, 1021
List the prime factors of 1459320.
2, 3, 5, 12161
What are the prime factors of 4132994?
2, 19, 61, 1783
What are the prime factors of 23870782?
2, 13, 109, 8423
What are the prime factors of 2348081?
2348081
What are the prime factors of 3735310?
2, 5, 71, 5261
What are the prime factors of 5276670?
2, 3, 5, 7, 25127
List the prime factors of 6533423.
13, 17, 37, 47
List the prime factors of 647419.
271, 2389
List the prime factors of 18515571.
3, 6171857
List the prime factors of 10144368.
2, 3, 13, 5419
What are the prime factors of 84253?
13, 6481
List the prime factors of 13884586.
2, 6942293
List the prime factors of 4179186.
2, 3, 11, 21107
List the prime factors of 317338.
2, 7, 19, 1193
What are the prime factors of 183971?
183971
What are the prime factors of 3372720?
2, 3, 5, 13, 23, 47
List the prime factors of 6656715.
3, 5, 13, 3793
What are the prime factors of 3181784?
2, 397723
List the prime factors of 987675.
3, 5, 13, 1013
What are the prime factors of 12722918?
2, 13, 489343
List the prime factors of 60962.
2, 11, 17, 163
List the prime factors of 10700